 o(v) = 15*v**2 + 73*v - 72. Let t be o(1). Let c(z) = -z**3 + 14*z**2 + 31*z + 20. What is c(t)?
4
Let d(n) = n**2 - 5*n + 2. Let z(b) = 4*b + 17. Let h(g) = -2. Let l(q) = -2*h(q) - 2*z(q). Let m be l(-4). Give d(m).
-4
Suppose -5*x + 100 = -x. Suppose 0 = -7*h + 2*h - x. Let c(f) be the third derivative of f**6/120 + f**5/10 + 7*f**4/24 + 2*f**3/3 + 2*f**2 + 27. Give c(h).
-6
Let w = 972 + -962. Let n(q) = q**3 - 10*q**2 - 7*q - 6. Determine n(w).
-76
Let k(p) = -204437 - 13*p**2 + p**3 + 204421 - 16*p + p. Calculate k(14).
-30
Let m(k) = -6*k + 72 + 4*k + 6*k**3 - 149 + 76. Suppose 2*v + 165 = 5*u, 132 = 7*u - 3*u - 4*v. Let z = u - 34. What is m(z)?
-5
Let a be (-27)/12*280/105. Let d(u) = -5*u - 17. Calculate d(a).
13
Let w(c) = 1. Let l(v) = -v + 4. Let r(q) = -l(q) + w(q). Suppose -b + 1 = -5*a, -5*b = -9*b + 4. Suppose -9*u - 12*u + 126 = a. Calculate r(u).
3
Suppose -4*q + 6*q = -4*i + 78, 0 = -4*i + 3*q + 63. Suppose 3*p - 6 = -i. Let v(y) = y**2 + 5*y. Give v(p).
-4
Let d(t) = 6 - 1030*t**2 + 338*t**2 - 7*t**3 + 344*t**2 + 342*t**2. What is d(-2)?
38
Let c = 971 + -978. Let w be 9*7/c + 3 + 6. Let p(t) = 3*t**2 - 5 - 7*t**2 + 3*t**2. Calculate p(w).
-5
Let k(h) be the third derivative of -7*h**2 + 1/240*h**6 + 0*h**3 + 1/24*h**4 + 0 + 0*h + 1/120*h**5. Let s(u) be the second derivative of k(u). What is s(-1)?
-2
Let i(n) = n**2 - 12*n + 12. Let w(m) be the first derivative of 3*m**2 - 51*m - 37. Let k be w(10). What is i(k)?
-15
Let r(t) = t**2 - 7*t + 5. Let f(u) = 2*u**3 - 8*u**2 - u + 4. Let y be f(4). Suppose y = 4*o + o - 185. Let d = o - 31. What is r(d)?
-1
Let x(m) = -m**3 - 5*m**2 - 22*m - 39. Suppose -5*q = -2*p - 6, -95*p = q - 90*p + 42. Determine x(q).
-7
Suppose -24*o + 6*o + 54 = 0. Let l(z) = 25*z**o - 58*z**3 + 25*z**3 - 4 + 3. Determine l(-1).
7
Let n be (10/(-7))/(122/854). Let r(c) = -c**3 - 8*c**2 + 24*c + 30. Give r(n).
-10
Let o(g) be the third derivative of 1/6*g**3 + 0*g + 0 - 2*g**2 + 1/8*g**4. Let v = -37 - -35. Give o(v).
-5
Let x = 231 - 138. Let n(c) = x*c - 18 - 92*c + 5. Let m be 6/9*(-1 + 10). Give n(m).
-7
Let a(t) = -2*t**3 - t + 1. Let o(l) = 5*l**3 - 2*l**2 - 8*l + 2. Let g(u) = 3*a(u) - o(u). Determine g(-2).
87
Let q(t) = 29*t**2 - 64*t + 53. Let k(b) = -7*b**2 + 15*b - 13. Let y(x) = -25*k(x) - 6*q(x). Determine y(-9).
7
Suppose t = -3*n + 10, 0 = -5*t - 4*n - n + 90. Let b(m) = m + 9 - 41 + t. Calculate b(8).
-2
Let n = 6326 - 6313. Let u(y) = 5*y - 68. Calculate u(n).
-3
Let a = -35 - -119. Let s = 86 - a. Let p(m) = m**3 - 4*m**2 + m - 2. Calculate p(s).
-8
Let t(x) = -x**2 - 2*x + 7. Let m(p) = 24*p - 1133. Let u be m(47). Calculate t(u).
-8
Let z(t) = 7*t**2 + 13*t - 27. Let w be z(-3). Let s(g) = g**2 + 7*g + 17. Calculate s(w).
5
Let q(i) be the third derivative of i**6/120 - i**5/30 - i**4/8 + i**3/2 + 4046*i**2. Suppose 2*b - 6 = -0*b. Give q(b).
3
Let w(z) = -z - 6. Let j(u) = 9*u + 42. Let s(d) = j(d) + 6*w(d). Calculate s(6).
24
Suppose -2*n = -5*a - 5*n - 32, -n = -1. Let z(f) = 14*f**3 - 13*f**3 + 1 - 1 - 117*f**2 + 124*f**2. Determine z(a).
0
Suppose 2*f - 5 = -3. Let t(r) = -19*r**2 - 53*r + 51. Let u(y) = -9*y**2 - 23*y + 22. Let n(q) = 3*t(q) - 7*u(q). Determine n(f).
7
Let v(x) be the third derivative of -x**5/60 + 5*x**4/12 + x**3/3 + 4*x**2. Let t(h) = 9*h**2 + 107*h - 108. Let n be t(1). Determine v(n).
18
Let w(a) be the third derivative of a**4/12 + 11*a**3/6 - 379*a**2 - 3. Calculate w(12).
35
Let n(o) = o**2 - 5*o - 8. Suppose 4*a + 58 = 2*a + v, 2*a - 3*v = -58. Let j be (-352)/24*21/14. Let l = j - a. Calculate n(l).
6
Let l(j) = j**2 + 3*j - 21. Suppose 12*o - 1085 = 19*o. Let d = o + 148. Calculate l(d).
7
Let t(h) be the third derivative of -h**5/60 + 13*h**4/24 - 5*h**3/6 - h**2 + 9*h. Let w be t(0). Let u(k) = k**2 + 4*k + 7. Calculate u(w).
12
Suppose -3*l = -14 + 2. Let a be 1 - l/(-3)*(-6)/(-2). Suppose -5*n - 4 = -2*w, -a*n - 3*w + 5 = -1. Let m(o) = o**3 + o**2 - o - 4. What is m(n)?
-4
Suppose 35 = -18*t - 1. Suppose 0 = -2*w, -5*w = -4*z - 10*w + 52. Let j(l) = l**2 - z + 2*l + 13. What is j(t)?
0
Suppose 3*u = 2*u + 7. Let l(f) = 22*f**3 - 2*f**2 - 34*f + 7. Let p(i) = 13*i**3 - 19*i + 4. Let y(x) = -3*l(x) + 5*p(x). Give y(u).
-1
Let d(m) = 3362*m**2 - 6720*m**2 - 4*m + 3357*m**2 + 15. Calculate d(3).
-6
Suppose 40*i - 41*i + 4 = 2*h, 4*i + 2*h + 14 = 0. Let f(u) = -16*u - 23. Determine f(i).
73
Let r(s) = 11*s**2 - 2*s - 1. Let y(f) = 3*f**2 - 2*f + 8. Let z be y(0). Let g(v) = -v**2 + 10*v - 14. Let w be g(z). Give r(w).
39
Let m = 770 + -768. Suppose -11 = 3*f - 2*l - 12, -2*l = m*f - 4. Let y(c) = c + c - c**3 - 1 - c**2 + 0*c. Determine y(f).
-1
Let i(z) = z**2 + 2*z + 1. Let k(l) = -4*l + 45. Let b be k(11). Let j(x) = -x**2. Let m(s) = b*i(s) + 3*j(s). Calculate m(-1).
-3
Let h(n) = n**3 + 5*n**2 + 2*n - 5. Suppose 15*p = 2*x + 16*p + 5, -4*x - 30 = -2*p. Give h(x).
-15
Let h(j) = 15*j**2 - 8*j + 6*j**2 + 46 - 12*j**2 - 3*j**2 - 7*j**2. Determine h(-11).
13
Suppose 2*t = t + 1. Let b(x) = -375*x + 1. Let y be b(-6). Let p(g) = -y*g**3 + 0*g**2 + 2252*g**3 - g**2. Calculate p(t).
0
Suppose -13 = w + 3*a, 7*a = 2*a - 25. Let s(n) = 3549*n + 5 - 3558*n + 5 + n**w. What is s(7)?
-4
Let f(j) be the first derivative of -j**3/3 - 5*j**2/2 + 1. Let u(t) = -23*t + 133. Let c be u(6). Calculate f(c).
0
Let c(p) = -p**3 + 15*p**2 + 23*p - 118. Let d be c(16). Let v(o) = 4*o - 29. Let b(m) = -3*m + 19. Let z(q) = -7*b(q) - 5*v(q). Calculate z(d).
6
Let v(q) be the third derivative of -2*q**2 - 1/8*q**4 + 0*q - 1/60*q**5 - 1/3*q**3 + 69. Determine v(3).
-20
Let v = 4 + -12. Let g be -18*(-4)/v*-1. Let a(h) = -h**3 + 9*h**2 - h + 9. Let i be a(g). Let q(r) = -r + 10. Give q(i).
10
Let u = 16 + -13. Suppose -2*m + 3 = c, m = -u*m - 8. Suppose 0 = -c*y + y - 24. Let i(n) = -2*n**2 - 5*n + 1. Determine i(y).
-11
Let x(t) be the second derivative of -t**5/20 + t**4/2 - 2*t**3/3 - t**2/2 + 9*t. Suppose -157 + 469 = 52*c. Give x(c).
-25
Suppose 4*a = -4*r + 40, 5*a - 68 = -33. Let p(v) be the third derivative of 1/3*v**r - 1/60*v**5 + 1/24*v**4 + 0 - 24*v**2 + 0*v. What is p(-4)?
-18
Let v(z) = -z**3 + 6*z**2 + 19*z - 11. Let n(i) = -2*i**3 + 3*i**2 + 20*i - 11. Let h(b) = -2*n(b) + 3*v(b). Calculate h(-10).
19
Let y(i) = i**3 - 15*i**2 - 12*i + 7. Let m be y(16). Let l(t) = -m + 0*t**2 + t**2 - 8*t - 71 + 148. Let o = -8 - -14. Determine l(o).
-6
Let t = 9937 - 9946. Let m(r) = r**2 + 9*r - 15. Determine m(t).
-15
Let i = 1198 + -1191. Let u(m) = -m**3 + 8*m**2 - 12*m + 29. What is u(i)?
-6
Let h(f) = -15*f + 9*f**2 - f - 5 + 12*f - f**3. Give h(4).
59
Let l = -12438 - -12435. Let i(o) = o**3 + o**2 - 8*o - 5. Calculate i(l).
1
Let s(a) = -a**3 - 7*a**2 + 2*a - 1. Let y(z) = -4*z**3 - 31*z**2 + z + 46. Let c(v) = -3*s(v) + y(v). Give c(-9).
13
Let u(h) be the first derivative of -2*h**2 + 3*h - 782. Determine u(2).
-5
Let t(d) = 2*d**2 - 2*d - 1 - 3 + 4*d**2 - d**3. Let x(m) = 5*m - 73. Let a be x(17). Suppose -7 = -2*l + j, -4*j = -0*j - a. Calculate t(l).
11
Let i be 3/2 - ((-2)/34 - 2313/(-306)). Let r(h) = 2*h**2 - 7*h - 6. Give r(i).
108
Suppose 2*a = 6 - 0. Let y(z) = 4*z - 4. Let x(h) = -h + 2. Let n(q) = a*x(q) + y(q). Give n(5).
7
Suppose -2*x + 9 = -0*x - 3*k, 0 = -5*x - 3*k + 12. Let a(p) = -87*p**x + 88*p**3 + 4*p**2 - 2*p**2 - 2*p + 4. Calculate a(-4).
-20
Let g(i) = -11*i - 232. Let u(q) = -2. Let m(j) = g(j) + 6*u(j). Let z be m(-23). Let d(r) = r**2 - 10*r + 7. Give d(z).
-2
Let a be 25/(-50) + -2 + (-45)/(-6). Suppose 20 = -0*c - 4*c + 2*b, -3*c - a*b = 28. Let h(q) = -q**2 - 7*q + 1. Give h(c).
7
Let f(y) = -13*y**2 + 2*y + 13. Let i(g) = -10*g**2 + 2*g + 11. Let o(a) = -3*f(a) + 4*i(a). Calculate o(6).
-19
Let n(s) = -s + 3. Let j be n(-9). Let l(p) = j + 4*p + 3 - p**2 - 16. Determine l(4).
-1
Let s be 9/3 + 0 + -4 + 4. Let w(r) = 22*r - 1 - 8*r - s*r - 12*r. Give w(-6).
5
Let d(j) = -9*j + 15. Suppose 7*l + 45 = 12*l. Let v(h) = -l - 13 - 10*h + 23*h. Let b(m) = 7*d(m) + 5*v(m). Give b(-5).
-15
Let j(w) = 5*w - 16. Let n(q) = -q**2 + 7*q + 4. Let p be n(7). Let y be j(p). Let g(z) = 7*z + y*z - 12*z + 5*z + 2. Calculate g(-3).
-10
Suppose 39*z + 52 + 26 = 0. Let o(q) = -9*q + 3. Give o(z).
21
Let f(t) = 31*t - 26. Let b(c) = 59*c - 58. L